6. Is u a composite number?
False
Let h(c) = -c**3 - 2*c**2 + 10*c - 13. Is h(-8) composite?
True
Let v = 12370 - 6431. Is v prime?
True
Suppose 0 = 3*m + 2*m - 2540. Suppose m = -a + 3*a. Is a prime?
False
Suppose -5*a = -a - 2888. Let u = 508 - a. Is 1/(-2) - u/4 a composite number?
False
Suppose -3*k + 1555 = -338. Suppose 117 = -2*d + k. Is d prime?
True
Let i be (6/(-15))/(1/(-10)). Suppose -i*u + 61 = -463. Is u a prime number?
True
Let x be 14/((-2)/(-2)*1). Suppose -3*o + 97 + x = 0. Let k = -26 + o. Is k a prime number?
True
Let y = 516 + -293. Is y prime?
True
Suppose 4*u = 5*h - 309, 171 = -3*u + u - 3*h. Let m = u - -272. Is m a prime number?
True
Let h = -1 + 5. Suppose h*t - 951 = t. Is t a composite number?
False
Suppose -7928 = 3*y - 22457. Is y a prime number?
False
Let p(a) = -a**2 - 9*a + 9. Let r be p(-10). Is (49/(-14))/(r/14) a prime number?
False
Let r = 514 + -221. Is r composite?
False
Let r(y) = y - 4. Let d(u) = u + 12. Let p be d(-7). Let w be r(p). Let v(x) = 91*x. Is v(w) a prime number?
False
Let m = -36 - -6. Let w = -7 - m. Is w composite?
False
Suppose 32*s - 8197 = 25*s. Is s prime?
True
Let s = 1 + -1. Suppose s*j = 3*j - 42. Is j composite?
True
Let r(h) = 9*h**2 - h + 7. Let q = -5 + 0. Is r(q) a composite number?
True
Is (-1014)/(-4) + (-7)/(-14) a composite number?
True
Suppose 3*k - k - 5*a - 1811 = 0, a = -2*k + 1781. Is k composite?
True
Suppose -5*u = 3*b - 1253 + 119, -2*u = -4*b + 1538. Is b a composite number?
False
Suppose 3*a + 0*a = 609. Suppose -i + 2*i = a. Suppose 2*w + i = 3*w. Is w composite?
True
Let m be 5*1*(-2)/(-5). Let y(g) = 2 - 2*g + 3*g**m - 7*g**2 + 5*g**2. Is y(7) composite?
False
Suppose 4*x = -4*c + 5*c + 143, -2*x = 4*c + 518. Suppose 0 = -5*p - 121 - 319. Let q = p - c. Is q a prime number?
True
Let x(u) = -4 + 3 - u**2 + 6*u**2 + 5*u**2 + u - u**3. Let w be x(8). Let i = w - 80. Is i composite?
True
Suppose 0 = -2*t + 2 + 2. Let g(a) be the third derivative of a**6/30 + a**5/30 - a**4/8 + a**2. Is g(t) composite?
True
Suppose 8*s - 1943 = 4961. Is s prime?
True
Let f(m) = 75*m**2 + 4. Is f(3) composite?
True
Let i(c) = 61*c. Is i(3) prime?
False
Let q be (13/(-2))/((-2)/4). Suppose -4*b + 6 = y, -8 = 4*y - 0. Is q - (b + (-3)/1) composite?
True
Let p = 6 - 6. Suppose p*a = -4*a + 4. Suppose -5 + a = -2*t. Is t composite?
False
Let y be ((-1)/2)/(3/(-438)). Suppose 4*g = -5*x - y, -x - 5*g = -2*x - 3. Let i = x + 27. Is i composite?
True
Suppose -5*h = -3*h - 1754. Is h composite?
False
Let b = -337 + 786. Is b a prime number?
True
Let q(k) = k**2 - 6*k + 1. Let l be q(4). Let u = 38 + l. Is u a prime number?
True
Suppose -5*r = -2*r - 18. Let z(i) = 1 - 8*i + 3 + 5*i + i**2. Is z(r) composite?
True
Suppose 4*m - k = 428, m = -m - k + 214. Let h = m - 253. Is h/(-4) + 2/4 a composite number?
False
Let p(f) = 4*f**2 + f. Let x be p(-1). Suppose 2*i = -x*i + 3*b + 20, -i - 4*b + 27 = 0. Is i prime?
True
Let p(w) = -w**3 + 7*w**2 + 6*w + 7. Let i be p(6). Is -2*i/2*-1 prime?
True
Let l = -37 - 18. Let u = l + 288. Is u composite?
False
Let c(k) = 227*k**2 + 2*k - 1. Let h be c(1). Suppose -x - 19 = -h. Is x composite?
True
Suppose a = -3*a. Suppose 2*w - 173 = -j, a = j - 2*w - w - 148. Is j composite?
False
Let p be (1/2)/(2/196). Is 2 - (-2 + (0 - p)) a composite number?
False
Is (-10)/35 + (-7718)/(-14) a composite number?
True
Let t(g) = g + 9. Let h be t(-7). Suppose -5*j - 5*u + 30 = -3*j, 4*u + 66 = h*j. Suppose y = -j + 94. Is y a prime number?
False
Is (156 - 2) + (1 - -2) a composite number?
False
Suppose 216 = n + 3*f, n + f - 218 = -4*f. Is n a prime number?
False
Let g = -51 + 138. Let j = -50 + g. Is j a prime number?
True
Suppose -4*v = -6 - 14. Suppose 8 - 23 = -v*c. Suppose -c*f + 72 - 14 = 2*n, 5*n = -20. Is f prime?
False
Let p(k) = 14*k**2 - 2*k + 1. Is p(5) a composite number?
True
Let j(i) = -i - 8. Let s be j(-9). Is (s/3)/(8/1392) composite?
True
Let p(b) = 7*b**3 - b**2 - 2*b - 2. Is p(4) a prime number?
False
Suppose 4*n = 5*f + 4, -5*f = 3*n - f - 3. Let o be (-1)/(-1) + -1*n. Suppose -2*k + k + 10 = o. Is k a prime number?
False
Let r = 102 - 13. Is r a composite number?
False
Let q = 19 - 9. Is q prime?
False
Let q(v) = 13*v + 3 + 13*v - 2. Is q(5) prime?
True
Let n(g) = g + 4. Let j be n(-5). Is 0 - (-1 + j) - -47 a composite number?
True
Suppose y = -5*p - 2, p + 3*p = -4*y - 8. Suppose i - 4 - 15 = p. Is i composite?
False
Suppose 0 = -3*x + 5*a + 4, 2*a - 13 = 4*x + 5. Let c(h) = -194*h**2 + 7*h - 5. Let z be c(x). Is (-4)/(-18) + z/(-72) composite?
True
Let s(n) = n**2 - 4*n + 4. Let b be s(5). Suppose -j + 3*r = 5, -j + 4 = 3*r - b. Suppose -j*p + 4*d = -3*p - 2, -p = 3*d - 23. Is p a prime number?
False
Let z(p) = -p**3 + 9*p - 9. Let d(t) = 2*t**3 + t**2 - 19*t + 19. Let g(v) = 6*d(v) + 13*z(v). Let i = 4 - -1. Is g(i) a composite number?
False
Suppose -2*s - x + 14 = 0, -4*s + 5*x - 30 = -9*s. Let r = s + 14. Is r a prime number?
False
Let u be (3/2)/(3/4). Let n(r) = -r**u + 3*r + 53 - 3*r. Is n(0) prime?
True
Let k(j) = -1976*j - 2. Let n be k(-1). Let d = n - 859. Is d composite?
True
Suppose 3448 = -5*o - 3*p, 0 = 3*o + 2*p + 113 + 1955. Let u = o - -985. Is u a prime number?
True
Suppose -2286 = -11*t + 2*t. Is t a composite number?
True
Let x = -10 + 10. Suppose -380 = -k - 3*q, 0 = q - x - 3. Is k prime?
False
Let m = 506 - -272. Is m a prime number?
False
Let l(b) = -b**3 + 15*b**2 + b - 13. Let n be l(15). Is (-13 - 1)*(-29)/n a composite number?
True
Suppose 2*v + 3*g + 173 = 0, 2*v - 2*g = -0*g - 168. Let w = -25 - v. Suppose -2*l - 2*l + w = 0. Is l composite?
True
Suppose -v - 1 = -2*v. Is v/4 - (-355)/4 a prime number?
True
Suppose 5*a + 224 = 3*v - 0*a, 0 = 5*v + 4*a - 398. Suppose 4*y - v = y. Is y a composite number?
True
Is 28/(-98) - (-4881)/7 prime?
False
Suppose 4*c - 8 = 4. Let r = -3 + c. Suppose -i + 4*u - u + 32 = r, i - 20 = -u. Is i a composite number?
False
Suppose 0 = -0*x - 3*x. Suppose x = d + 4*d + 3*i - 621, 3*d - i - 367 = 0. Suppose -d = -4*o - o + 2*p, 22 = o - 3*p. Is o a prime number?
False
Let r(x) = 3*x**2 + 1. Let b be r(-1). Suppose -73 = -b*p + 175. Is p a composite number?
True
Suppose 5*c = c - 2516. Is c/(-4) - 6/24 a prime number?
True
Suppose 0 = -s + 3*s + 24. Let p = 5 + s. Let z = 19 - p. Is z prime?
False
Let h = 6 + -3. Suppose 0 = -h*o - o. Suppose -3*f + f + 62 = o. Is f prime?
True
Let l = -23614 - -39107. Is l composite?
False
Let n = -2 - -16. Is n prime?
False
Let m = 1900 - 801. Is m prime?
False
Suppose -i - 6 = -3*i. Suppose -818 = -5*m + 3*f, -57 = m - i*f - 223. Is m a composite number?
False
Let w = -229 - -1298. Is w composite?
False
Let t = 9 - 11. Is 75 - (-3 + (t - -3)) a composite number?
True
Suppose -2*h + 11 = -3. Let q(f) = -f**2 + 11*f - 9. Is q(h) composite?
False
Suppose 0 = -5*d - 1930 + 14385. Is d a composite number?
True
Let l be (0 - (-3 - -1)) + 26. Is (-75)/(-4) - (-7)/l prime?
True
Let s = 232 - 57. Suppose 2*t + 4*x = 338, 5*x - s = -t + x. Is t a prime number?
True
Is 39/(-52)*17*-4 composite?
True
Let q(n) = n**3 - 5*n**2 + 4. Let g be q(5). Is (-4410)/(-66) - g/(-22) a composite number?
False
Let y = -338 + 1011. Is y composite?
False
Suppose b + 3*b = 0. Suppose 2*u + 2*q - 4*q - 40 = 0, b = 4*u - 5*q - 77. Is u a prime number?
True
Let z = -1732 + 2619. Is z a prime number?
True
Suppose -o + 6*o = 395. Is o a prime number?
True
Let o be -10 - 2/(-3)*3. Is ((-28)/o)/(1/6) a prime number?
False
Is ((-14)/21)/((-2)/(-318)*-2) a prime number?
True
Suppose 5*o + 510 = 2*i + i, -302 = 3*o - i. Let s = o + 176. Is s prime?
False
Suppose 2*j = -5*f + 26, 0 = j + j - 5*f + 14. Suppose 0 = j*w - w - 62. Is w prime?
True
Let l be 1 + (-4)/1 + -9. Let o(v) = -10*v + 3. Is o(l) prime?
False
Suppose 5*y + 10 = 2*h, y + h = -3*y + 5. Suppose -4 = 4*x, -p + 4*x = -2 - 2. Suppose 5*s + y*s - 30 = p. Is s prime?
False
Suppose 242 = 5*g - 5513. Is g a composite number?
False
Let p(c) = 2*c**2 - 3*c - 3. Let i be p(5). Suppose -3*d = -7*d - i. Let y = d + 15. Is y prime?
True
Suppose -4*x + x = 3. Let w be x*(2 + 2/(-1)). Suppose w = -5*j + 4*g + 255, 5*j + g - 290 = -2*g. Is j a prime number?
False
Suppose -u + 3*u = j + 91, -j + 3*u = 92. Is (-5)/(15/(-6)) - j a p